{"id":4885,"date":"2026-01-30T10:32:44","date_gmt":"2026-01-30T16:32:44","guid":{"rendered":"https:\/\/lederme.com.mx\/registro\/?post_type=product&#038;p=4885"},"modified":"2026-03-15T19:30:39","modified_gmt":"2026-03-16T01:30:39","slug":"medik-8-deep-hydration-facial","status":"publish","type":"product","link":"https:\/\/lederme.com.mx\/registro\/producto\/medik-8-deep-hydration-facial\/","title":{"rendered":"MEDIK 8 DEEP HYDRATION FACIAL"},"content":{"rendered":"","protected":false},"excerpt":{"rendered":"<p data-start=\"147\" data-end=\"448\">Restaura, rehidrata y devuelve confort a tu piel desde el interior con nuestro nuevo DEEP HYDRATION facial. Trabaja profundamente para restablecer los niveles \u00f3ptimos de humectaci\u00f3n en todas las capas de la piel, ayudando a redensificar y a mejorar visiblemente su elasticidad, suavidad y luminosidad.<\/p>\n<p data-start=\"450\" data-end=\"816\">A trav\u00e9s de una limpieza profunda y reconfortante, combinada con una exfoliaci\u00f3n que elimina c\u00e9lulas muertas sin comprometer la barrera cut\u00e1nea, se prepara la piel para recibir activos hidratantes de alto desempe\u00f1o. Finaliza con una mascarilla intensiva que protege, calma y favorece la recuperaci\u00f3n de la piel, dejando una sensaci\u00f3n inmediata de alivio y bienestar.<\/p>\n<p data-start=\"818\" data-end=\"1044\">Ideal para pieles secas, deshidratadas, descamadas o con signos de envejecimiento prematuro. El resultado es una piel visiblemente m\u00e1s jugosa, uniforme y revitalizada, con una apariencia saludable y sin tiempo de recuperaci\u00f3n.<\/p>\n<p data-start=\"1046\" data-end=\"1064\">Duraci\u00f3n: 90 mins.<\/p>\n","protected":false},"featured_media":4886,"template":"","meta":[],"product_brand":[],"product_cat":[20,38],"product_tag":[],"class_list":{"0":"post-4885","1":"product","2":"type-product","3":"status-publish","4":"has-post-thumbnail","6":"product_cat-faciales-clinicos","7":"product_cat-medik8","9":"first","10":"instock","11":"sale","12":"taxable","13":"shipping-taxable","14":"purchasable","15":"product-type-simple"},"yoast_head":"<!-- This site is optimized with the Yoast SEO Premium plugin v26.9 (Yoast SEO v27.3) - https:\/\/yoast.com\/product\/yoast-seo-premium-wordpress\/ -->\n<title>MEDIK 8 DEEP HYDRATION FACIAL - LeDerme<\/title>\n<meta name=\"robots\" content=\"index, follow, max-snippet:-1, max-image-preview:large, max-video-preview:-1\" \/>\n<link rel=\"canonical\" href=\"https:\/\/lederme.com.mx\/registro\/producto\/medik-8-deep-hydration-facial\/\" \/>\n<meta property=\"og:locale\" content=\"es_ES\" \/>\n<meta property=\"og:type\" content=\"article\" \/>\n<meta property=\"og:title\" content=\"MEDIK 8 DEEP HYDRATION FACIAL\" \/>\n<meta property=\"og:description\" content=\"Restaura, rehidrata y devuelve confort a tu piel desde el interior con nuestro nuevo DEEP HYDRATION facial. Trabaja profundamente para restablecer los niveles \u00f3ptimos de humectaci\u00f3n en todas las capas de la piel, ayudando a redensificar y a mejorar visiblemente su elasticidad, suavidad y luminosidad. A trav\u00e9s de una limpieza profunda y reconfortante, combinada con una exfoliaci\u00f3n que elimina c\u00e9lulas muertas sin comprometer la barrera cut\u00e1nea, se prepara la piel para recibir activos hidratantes de alto desempe\u00f1o. Finaliza con una mascarilla intensiva que protege, calma y favorece la recuperaci\u00f3n de la piel, dejando una sensaci\u00f3n inmediata de alivio y bienestar. Ideal para pieles secas, deshidratadas, descamadas o con signos de envejecimiento prematuro. El resultado es una piel visiblemente m\u00e1s jugosa, uniforme y revitalizada, con una apariencia saludable y sin tiempo de recuperaci\u00f3n. Duraci\u00f3n: 90 mins.\" \/>\n<meta property=\"og:url\" content=\"https:\/\/lederme.com.mx\/registro\/producto\/medik-8-deep-hydration-facial\/\" \/>\n<meta property=\"og:site_name\" content=\"LeDerme\" \/>\n<meta property=\"article:modified_time\" content=\"2026-03-16T01:30:39+00:00\" \/>\n<meta property=\"og:image\" content=\"https:\/\/lederme.com.mx\/registro\/wp-content\/uploads\/2026\/01\/DEEPHYDRATION.jpg\" \/>\n\t<meta property=\"og:image:width\" content=\"778\" \/>\n\t<meta property=\"og:image:height\" content=\"1080\" \/>\n\t<meta property=\"og:image:type\" content=\"image\/jpeg\" \/>\n<meta name=\"twitter:card\" content=\"summary_large_image\" \/>\n<meta name=\"twitter:label1\" content=\"Precio\" \/>\n\t<meta name=\"twitter:data1\" content=\"&#036;2,400.00 impuestos incluidos\" \/>\n\t<meta name=\"twitter:label2\" content=\"Disponibilidad\" \/>\n\t<meta name=\"twitter:data2\" content=\"Disponible\" \/>\n<script type=\"application\/ld+json\" class=\"yoast-schema-graph\">{\"@context\":\"https:\\\/\\\/schema.org\",\"@graph\":[{\"@type\":\"WebPage\",\"@id\":\"https:\\\/\\\/lederme.com.mx\\\/registro\\\/producto\\\/medik-8-deep-hydration-facial\\\/\",\"url\":\"https:\\\/\\\/lederme.com.mx\\\/registro\\\/producto\\\/medik-8-deep-hydration-facial\\\/\",\"name\":\"MEDIK 8 DEEP HYDRATION FACIAL - LeDerme\",\"isPartOf\":{\"@id\":\"https:\\\/\\\/lederme.com.mx\\\/registro\\\/#website\"},\"primaryImageOfPage\":{\"@id\":\"https:\\\/\\\/lederme.com.mx\\\/registro\\\/producto\\\/medik-8-deep-hydration-facial\\\/#primaryimage\"},\"image\":{\"@id\":\"https:\\\/\\\/lederme.com.mx\\\/registro\\\/producto\\\/medik-8-deep-hydration-facial\\\/#primaryimage\"},\"thumbnailUrl\":\"https:\\\/\\\/lederme.com.mx\\\/registro\\\/wp-content\\\/uploads\\\/2026\\\/01\\\/DEEPHYDRATION.jpg\",\"datePublished\":\"2026-01-30T16:32:44+00:00\",\"dateModified\":\"2026-03-16T01:30:39+00:00\",\"breadcrumb\":{\"@id\":\"https:\\\/\\\/lederme.com.mx\\\/registro\\\/producto\\\/medik-8-deep-hydration-facial\\\/#breadcrumb\"},\"inLanguage\":\"es\",\"potentialAction\":[{\"@type\":\"ReadAction\",\"target\":[\"https:\\\/\\\/lederme.com.mx\\\/registro\\\/producto\\\/medik-8-deep-hydration-facial\\\/\"]}]},{\"@type\":\"ImageObject\",\"inLanguage\":\"es\",\"@id\":\"https:\\\/\\\/lederme.com.mx\\\/registro\\\/producto\\\/medik-8-deep-hydration-facial\\\/#primaryimage\",\"url\":\"https:\\\/\\\/lederme.com.mx\\\/registro\\\/wp-content\\\/uploads\\\/2026\\\/01\\\/DEEPHYDRATION.jpg\",\"contentUrl\":\"https:\\\/\\\/lederme.com.mx\\\/registro\\\/wp-content\\\/uploads\\\/2026\\\/01\\\/DEEPHYDRATION.jpg\",\"width\":778,\"height\":1080},{\"@type\":\"BreadcrumbList\",\"@id\":\"https:\\\/\\\/lederme.com.mx\\\/registro\\\/producto\\\/medik-8-deep-hydration-facial\\\/#breadcrumb\",\"itemListElement\":[{\"@type\":\"ListItem\",\"position\":1,\"name\":\"Portada\",\"item\":\"https:\\\/\\\/lederme.com.mx\\\/registro\\\/\"},{\"@type\":\"ListItem\",\"position\":2,\"name\":\"Tienda\",\"item\":\"https:\\\/\\\/lederme.com.mx\\\/registro\\\/tienda\\\/\"},{\"@type\":\"ListItem\",\"position\":3,\"name\":\"MEDIK 8 DEEP HYDRATION FACIAL\"}]},{\"@type\":\"WebSite\",\"@id\":\"https:\\\/\\\/lederme.com.mx\\\/registro\\\/#website\",\"url\":\"https:\\\/\\\/lederme.com.mx\\\/registro\\\/\",\"name\":\"LeDerme\",\"description\":\"Agenda tu cita en l\u00ednea\",\"potentialAction\":[{\"@type\":\"SearchAction\",\"target\":{\"@type\":\"EntryPoint\",\"urlTemplate\":\"https:\\\/\\\/lederme.com.mx\\\/registro\\\/?s={search_term_string}\"},\"query-input\":{\"@type\":\"PropertyValueSpecification\",\"valueRequired\":true,\"valueName\":\"search_term_string\"}}],\"inLanguage\":\"es\"}]}<\/script>\n<meta property=\"product:price:amount\" content=\"2400.00\" \/>\n<meta property=\"product:price:currency\" content=\"MXN\" \/>\n<meta property=\"og:availability\" content=\"instock\" \/>\n<meta property=\"product:availability\" content=\"instock\" \/>\n<meta property=\"product:condition\" content=\"new\" \/>\n<!-- \/ Yoast SEO Premium plugin. -->","yoast_head_json":{"title":"MEDIK 8 DEEP HYDRATION FACIAL - LeDerme","robots":{"index":"index","follow":"follow","max-snippet":"max-snippet:-1","max-image-preview":"max-image-preview:large","max-video-preview":"max-video-preview:-1"},"canonical":"https:\/\/lederme.com.mx\/registro\/producto\/medik-8-deep-hydration-facial\/","og_locale":"es_ES","og_type":"article","og_title":"MEDIK 8 DEEP HYDRATION FACIAL","og_description":"Restaura, rehidrata y devuelve confort a tu piel desde el interior con nuestro nuevo DEEP HYDRATION facial. Trabaja profundamente para restablecer los niveles \u00f3ptimos de humectaci\u00f3n en todas las capas de la piel, ayudando a redensificar y a mejorar visiblemente su elasticidad, suavidad y luminosidad. A trav\u00e9s de una limpieza profunda y reconfortante, combinada con una exfoliaci\u00f3n que elimina c\u00e9lulas muertas sin comprometer la barrera cut\u00e1nea, se prepara la piel para recibir activos hidratantes de alto desempe\u00f1o. Finaliza con una mascarilla intensiva que protege, calma y favorece la recuperaci\u00f3n de la piel, dejando una sensaci\u00f3n inmediata de alivio y bienestar. Ideal para pieles secas, deshidratadas, descamadas o con signos de envejecimiento prematuro. El resultado es una piel visiblemente m\u00e1s jugosa, uniforme y revitalizada, con una apariencia saludable y sin tiempo de recuperaci\u00f3n. Duraci\u00f3n: 90 mins.","og_url":"https:\/\/lederme.com.mx\/registro\/producto\/medik-8-deep-hydration-facial\/","og_site_name":"LeDerme","article_modified_time":"2026-03-16T01:30:39+00:00","og_image":[{"width":778,"height":1080,"url":"https:\/\/lederme.com.mx\/registro\/wp-content\/uploads\/2026\/01\/DEEPHYDRATION.jpg","type":"image\/jpeg"}],"twitter_card":"summary_large_image","twitter_misc":{"Precio":"&#36;2,400.00 impuestos incluidos","Disponibilidad":"Disponible"},"schema":{"@context":"https:\/\/schema.org","@graph":[{"@type":"WebPage","@id":"https:\/\/lederme.com.mx\/registro\/producto\/medik-8-deep-hydration-facial\/","url":"https:\/\/lederme.com.mx\/registro\/producto\/medik-8-deep-hydration-facial\/","name":"MEDIK 8 DEEP HYDRATION FACIAL - LeDerme","isPartOf":{"@id":"https:\/\/lederme.com.mx\/registro\/#website"},"primaryImageOfPage":{"@id":"https:\/\/lederme.com.mx\/registro\/producto\/medik-8-deep-hydration-facial\/#primaryimage"},"image":{"@id":"https:\/\/lederme.com.mx\/registro\/producto\/medik-8-deep-hydration-facial\/#primaryimage"},"thumbnailUrl":"https:\/\/lederme.com.mx\/registro\/wp-content\/uploads\/2026\/01\/DEEPHYDRATION.jpg","datePublished":"2026-01-30T16:32:44+00:00","dateModified":"2026-03-16T01:30:39+00:00","breadcrumb":{"@id":"https:\/\/lederme.com.mx\/registro\/producto\/medik-8-deep-hydration-facial\/#breadcrumb"},"inLanguage":"es","potentialAction":[{"@type":"ReadAction","target":["https:\/\/lederme.com.mx\/registro\/producto\/medik-8-deep-hydration-facial\/"]}]},{"@type":"ImageObject","inLanguage":"es","@id":"https:\/\/lederme.com.mx\/registro\/producto\/medik-8-deep-hydration-facial\/#primaryimage","url":"https:\/\/lederme.com.mx\/registro\/wp-content\/uploads\/2026\/01\/DEEPHYDRATION.jpg","contentUrl":"https:\/\/lederme.com.mx\/registro\/wp-content\/uploads\/2026\/01\/DEEPHYDRATION.jpg","width":778,"height":1080},{"@type":"BreadcrumbList","@id":"https:\/\/lederme.com.mx\/registro\/producto\/medik-8-deep-hydration-facial\/#breadcrumb","itemListElement":[{"@type":"ListItem","position":1,"name":"Portada","item":"https:\/\/lederme.com.mx\/registro\/"},{"@type":"ListItem","position":2,"name":"Tienda","item":"https:\/\/lederme.com.mx\/registro\/tienda\/"},{"@type":"ListItem","position":3,"name":"MEDIK 8 DEEP HYDRATION FACIAL"}]},{"@type":"WebSite","@id":"https:\/\/lederme.com.mx\/registro\/#website","url":"https:\/\/lederme.com.mx\/registro\/","name":"LeDerme","description":"Agenda tu cita en l\u00ednea","potentialAction":[{"@type":"SearchAction","target":{"@type":"EntryPoint","urlTemplate":"https:\/\/lederme.com.mx\/registro\/?s={search_term_string}"},"query-input":{"@type":"PropertyValueSpecification","valueRequired":true,"valueName":"search_term_string"}}],"inLanguage":"es"}]},"product_price_amount":"2400.00","product_price_currency":"MXN","og_availability":"instock","product_availability":"instock","product_condition":"new"},"_links":{"self":[{"href":"https:\/\/lederme.com.mx\/registro\/wp-json\/wp\/v2\/product\/4885","targetHints":{"allow":["GET"]}}],"collection":[{"href":"https:\/\/lederme.com.mx\/registro\/wp-json\/wp\/v2\/product"}],"about":[{"href":"https:\/\/lederme.com.mx\/registro\/wp-json\/wp\/v2\/types\/product"}],"wp:featuredmedia":[{"embeddable":true,"href":"https:\/\/lederme.com.mx\/registro\/wp-json\/wp\/v2\/media\/4886"}],"wp:attachment":[{"href":"https:\/\/lederme.com.mx\/registro\/wp-json\/wp\/v2\/media?parent=4885"}],"wp:term":[{"taxonomy":"product_brand","embeddable":true,"href":"https:\/\/lederme.com.mx\/registro\/wp-json\/wp\/v2\/product_brand?post=4885"},{"taxonomy":"product_cat","embeddable":true,"href":"https:\/\/lederme.com.mx\/registro\/wp-json\/wp\/v2\/product_cat?post=4885"},{"taxonomy":"product_tag","embeddable":true,"href":"https:\/\/lederme.com.mx\/registro\/wp-json\/wp\/v2\/product_tag?post=4885"}],"curies":[{"name":"wp","href":"https:\/\/api.w.org\/{rel}","templated":true}]}}