{"id":465,"date":"2024-09-11T21:28:11","date_gmt":"2024-09-12T03:28:11","guid":{"rendered":"https:\/\/lederme.com.mx\/registro\/?post_type=product&#038;p=465"},"modified":"2026-03-15T20:18:34","modified_gmt":"2026-03-16T02:18:34","slug":"hollywood-peel-laser-facial","status":"publish","type":"product","link":"https:\/\/lederme.com.mx\/registro\/producto\/hollywood-peel-laser-facial\/","title":{"rendered":"HOLLYWOOD PEEL LASER FACIAL"},"content":{"rendered":"<p>Hollywood peel es un tratamiento l\u00e1ser enfocado en no solo eliminar la grasa y ayudar a disminuir el exceso de producci\u00f3n de la misma de la piel. Sino que tambi\u00e9n nos ayuda a eliminar la piel muerta, impurezas y toxinas. Minimizando de esta forma la apariencia de poros alargados, renovando y exfoliando la piel de inmediato. Dando como resultado una piel m\u00e1s uniforme, suave y luminosa.<\/p>\n<p>El tratamiento se ha popularizado por su capacidad para ofrecer resultados inmediatos y su uso entre celebridades antes de eventos importantes.<\/p>\n<p>El tratamiento consiste en la combinaci\u00f3n de una crema de carb\u00f3n activo, exclusivamente formulada para tratamientos de la piel, y el l\u00e1ser Q-Switched Alma-Q para ofrecer un tratamiento de limpieza y rejuvenecimiento de la piel muy avanzado.<\/p>\n<p><span style=\"font-weight: 400;\">\u2713 OIL CONTROL <\/span><\/p>\n<p><span style=\"font-weight: 400;\">\u2713 DISMINUCI\u00d3N DE POROS<\/span><\/p>\n<p><span style=\"font-weight: 400;\">\u2713 EXFOLIACI\u00d3N PROFUNDA<\/span><\/p>\n<p><span style=\"font-weight: 400;\">\u2713 RENOVACI\u00d3N L\u00c1SER<\/span><\/p>\n<p>&nbsp;<\/p>\n","protected":false},"excerpt":{"rendered":"<p>Hollywood peel es un tratamiento l\u00e1ser enfocado en no solo eliminar la grasa y ayudar a disminuir el exceso de producci\u00f3n de la misma de la piel. Sino que tambi\u00e9n nos ayuda a eliminar la piel muerta, impurezas y toxinas. Minimizando de esta forma la apariencia de poros alargados, renovando y exfoliando la piel de inmediato. Dando como resultado una piel m\u00e1s uniforme, suave y luminosa.<\/p>\n<p><span style=\"font-weight: 400;\">\u2713 OIL CONTROL <\/span><\/p>\n<p><span style=\"font-weight: 400;\">\u2713 DISMINUCI\u00d3N DE POROS<\/span><\/p>\n<p><span style=\"font-weight: 400;\">\u2713 EXFOLIACI\u00d3N PROFUNDA<\/span><\/p>\n<p><span style=\"font-weight: 400;\">\u2713 RED LIGHT LED THERAPY DERMALUX<\/span><\/p>\n<p><span style=\"font-weight: 400;\">\u2713 RENOVACI\u00d3N L\u00c1SER<\/span><\/p>\n","protected":false},"featured_media":2534,"template":"","meta":[],"product_brand":[],"product_cat":[31,32],"product_tag":[],"class_list":{"0":"post-465","1":"product","2":"type-product","3":"status-publish","4":"has-post-thumbnail","6":"product_cat-hollywood-peel","7":"product_cat-laser","9":"first","10":"instock","11":"sale","12":"taxable","13":"shipping-taxable","14":"purchasable","15":"product-type-simple"},"yoast_head":"<!-- This site is optimized with the Yoast SEO Premium plugin v26.9 (Yoast SEO v27.3) - https:\/\/yoast.com\/product\/yoast-seo-premium-wordpress\/ -->\n<title>HOLLYWOOD PEEL LASER FACIAL - LeDerme<\/title>\n<meta name=\"robots\" content=\"index, follow, max-snippet:-1, max-image-preview:large, max-video-preview:-1\" \/>\n<link rel=\"canonical\" href=\"https:\/\/lederme.com.mx\/registro\/producto\/hollywood-peel-laser-facial\/\" \/>\n<meta property=\"og:locale\" content=\"es_ES\" \/>\n<meta property=\"og:type\" content=\"article\" \/>\n<meta property=\"og:title\" content=\"HOLLYWOOD PEEL LASER FACIAL\" \/>\n<meta property=\"og:description\" content=\"Hollywood peel es un tratamiento l\u00e1ser enfocado en no solo eliminar la grasa y ayudar a disminuir el exceso de producci\u00f3n de la misma de la piel. Sino que tambi\u00e9n nos ayuda a eliminar la piel muerta, impurezas y toxinas. Minimizando de esta forma la apariencia de poros alargados, renovando y exfoliando la piel de inmediato. Dando como resultado una piel m\u00e1s uniforme, suave y luminosa.  \u2713 OIL CONTROL   \u2713 DISMINUCI\u00d3N DE POROS  \u2713 EXFOLIACI\u00d3N PROFUNDA  \u2713 RED LIGHT LED THERAPY DERMALUX  \u2713 RENOVACI\u00d3N L\u00c1SER\" \/>\n<meta property=\"og:url\" content=\"https:\/\/lederme.com.mx\/registro\/producto\/hollywood-peel-laser-facial\/\" \/>\n<meta property=\"og:site_name\" content=\"LeDerme\" \/>\n<meta property=\"article:modified_time\" content=\"2026-03-16T02:18:34+00:00\" \/>\n<meta property=\"og:image\" content=\"https:\/\/lederme.com.mx\/registro\/wp-content\/uploads\/2024\/09\/CHOLLYWOODPEEL.jpg\" \/>\n\t<meta property=\"og:image:width\" content=\"520\" \/>\n\t<meta property=\"og:image:height\" content=\"520\" \/>\n\t<meta property=\"og:image:type\" content=\"image\/jpeg\" \/>\n<meta name=\"twitter:card\" content=\"summary_large_image\" \/>\n<meta name=\"twitter:label1\" content=\"Precio\" \/>\n\t<meta name=\"twitter:data1\" content=\"&#036;1,400.00 impuestos incluidos\" \/>\n\t<meta name=\"twitter:label2\" content=\"Disponibilidad\" \/>\n\t<meta name=\"twitter:data2\" content=\"Disponible\" \/>\n<script type=\"application\/ld+json\" class=\"yoast-schema-graph\">{\"@context\":\"https:\\\/\\\/schema.org\",\"@graph\":[{\"@type\":\"WebPage\",\"@id\":\"https:\\\/\\\/lederme.com.mx\\\/registro\\\/producto\\\/hollywood-peel-laser-facial\\\/\",\"url\":\"https:\\\/\\\/lederme.com.mx\\\/registro\\\/producto\\\/hollywood-peel-laser-facial\\\/\",\"name\":\"HOLLYWOOD PEEL LASER FACIAL - LeDerme\",\"isPartOf\":{\"@id\":\"https:\\\/\\\/lederme.com.mx\\\/registro\\\/#website\"},\"primaryImageOfPage\":{\"@id\":\"https:\\\/\\\/lederme.com.mx\\\/registro\\\/producto\\\/hollywood-peel-laser-facial\\\/#primaryimage\"},\"image\":{\"@id\":\"https:\\\/\\\/lederme.com.mx\\\/registro\\\/producto\\\/hollywood-peel-laser-facial\\\/#primaryimage\"},\"thumbnailUrl\":\"https:\\\/\\\/lederme.com.mx\\\/registro\\\/wp-content\\\/uploads\\\/2024\\\/09\\\/CHOLLYWOODPEEL.jpg\",\"datePublished\":\"2024-09-12T03:28:11+00:00\",\"dateModified\":\"2026-03-16T02:18:34+00:00\",\"breadcrumb\":{\"@id\":\"https:\\\/\\\/lederme.com.mx\\\/registro\\\/producto\\\/hollywood-peel-laser-facial\\\/#breadcrumb\"},\"inLanguage\":\"es\",\"potentialAction\":[{\"@type\":\"ReadAction\",\"target\":[\"https:\\\/\\\/lederme.com.mx\\\/registro\\\/producto\\\/hollywood-peel-laser-facial\\\/\"]}]},{\"@type\":\"ImageObject\",\"inLanguage\":\"es\",\"@id\":\"https:\\\/\\\/lederme.com.mx\\\/registro\\\/producto\\\/hollywood-peel-laser-facial\\\/#primaryimage\",\"url\":\"https:\\\/\\\/lederme.com.mx\\\/registro\\\/wp-content\\\/uploads\\\/2024\\\/09\\\/CHOLLYWOODPEEL.jpg\",\"contentUrl\":\"https:\\\/\\\/lederme.com.mx\\\/registro\\\/wp-content\\\/uploads\\\/2024\\\/09\\\/CHOLLYWOODPEEL.jpg\",\"width\":520,\"height\":520},{\"@type\":\"BreadcrumbList\",\"@id\":\"https:\\\/\\\/lederme.com.mx\\\/registro\\\/producto\\\/hollywood-peel-laser-facial\\\/#breadcrumb\",\"itemListElement\":[{\"@type\":\"ListItem\",\"position\":1,\"name\":\"Portada\",\"item\":\"https:\\\/\\\/lederme.com.mx\\\/registro\\\/\"},{\"@type\":\"ListItem\",\"position\":2,\"name\":\"Tienda\",\"item\":\"https:\\\/\\\/lederme.com.mx\\\/registro\\\/tienda\\\/\"},{\"@type\":\"ListItem\",\"position\":3,\"name\":\"HOLLYWOOD PEEL LASER FACIAL\"}]},{\"@type\":\"WebSite\",\"@id\":\"https:\\\/\\\/lederme.com.mx\\\/registro\\\/#website\",\"url\":\"https:\\\/\\\/lederme.com.mx\\\/registro\\\/\",\"name\":\"LeDerme\",\"description\":\"Agenda tu cita en l\u00ednea\",\"potentialAction\":[{\"@type\":\"SearchAction\",\"target\":{\"@type\":\"EntryPoint\",\"urlTemplate\":\"https:\\\/\\\/lederme.com.mx\\\/registro\\\/?s={search_term_string}\"},\"query-input\":{\"@type\":\"PropertyValueSpecification\",\"valueRequired\":true,\"valueName\":\"search_term_string\"}}],\"inLanguage\":\"es\"}]}<\/script>\n<meta property=\"product:price:amount\" content=\"1400.00\" \/>\n<meta property=\"product:price:currency\" content=\"MXN\" \/>\n<meta property=\"og:availability\" content=\"instock\" \/>\n<meta property=\"product:availability\" content=\"instock\" \/>\n<meta property=\"product:condition\" content=\"new\" \/>\n<!-- \/ Yoast SEO Premium plugin. -->","yoast_head_json":{"title":"HOLLYWOOD PEEL LASER FACIAL - LeDerme","robots":{"index":"index","follow":"follow","max-snippet":"max-snippet:-1","max-image-preview":"max-image-preview:large","max-video-preview":"max-video-preview:-1"},"canonical":"https:\/\/lederme.com.mx\/registro\/producto\/hollywood-peel-laser-facial\/","og_locale":"es_ES","og_type":"article","og_title":"HOLLYWOOD PEEL LASER FACIAL","og_description":"Hollywood peel es un tratamiento l\u00e1ser enfocado en no solo eliminar la grasa y ayudar a disminuir el exceso de producci\u00f3n de la misma de la piel. Sino que tambi\u00e9n nos ayuda a eliminar la piel muerta, impurezas y toxinas. Minimizando de esta forma la apariencia de poros alargados, renovando y exfoliando la piel de inmediato. Dando como resultado una piel m\u00e1s uniforme, suave y luminosa.  \u2713 OIL CONTROL   \u2713 DISMINUCI\u00d3N DE POROS  \u2713 EXFOLIACI\u00d3N PROFUNDA  \u2713 RED LIGHT LED THERAPY DERMALUX  \u2713 RENOVACI\u00d3N L\u00c1SER","og_url":"https:\/\/lederme.com.mx\/registro\/producto\/hollywood-peel-laser-facial\/","og_site_name":"LeDerme","article_modified_time":"2026-03-16T02:18:34+00:00","og_image":[{"width":520,"height":520,"url":"https:\/\/lederme.com.mx\/registro\/wp-content\/uploads\/2024\/09\/CHOLLYWOODPEEL.jpg","type":"image\/jpeg"}],"twitter_card":"summary_large_image","twitter_misc":{"Precio":"&#36;1,400.00 impuestos incluidos","Disponibilidad":"Disponible"},"schema":{"@context":"https:\/\/schema.org","@graph":[{"@type":"WebPage","@id":"https:\/\/lederme.com.mx\/registro\/producto\/hollywood-peel-laser-facial\/","url":"https:\/\/lederme.com.mx\/registro\/producto\/hollywood-peel-laser-facial\/","name":"HOLLYWOOD PEEL LASER FACIAL - LeDerme","isPartOf":{"@id":"https:\/\/lederme.com.mx\/registro\/#website"},"primaryImageOfPage":{"@id":"https:\/\/lederme.com.mx\/registro\/producto\/hollywood-peel-laser-facial\/#primaryimage"},"image":{"@id":"https:\/\/lederme.com.mx\/registro\/producto\/hollywood-peel-laser-facial\/#primaryimage"},"thumbnailUrl":"https:\/\/lederme.com.mx\/registro\/wp-content\/uploads\/2024\/09\/CHOLLYWOODPEEL.jpg","datePublished":"2024-09-12T03:28:11+00:00","dateModified":"2026-03-16T02:18:34+00:00","breadcrumb":{"@id":"https:\/\/lederme.com.mx\/registro\/producto\/hollywood-peel-laser-facial\/#breadcrumb"},"inLanguage":"es","potentialAction":[{"@type":"ReadAction","target":["https:\/\/lederme.com.mx\/registro\/producto\/hollywood-peel-laser-facial\/"]}]},{"@type":"ImageObject","inLanguage":"es","@id":"https:\/\/lederme.com.mx\/registro\/producto\/hollywood-peel-laser-facial\/#primaryimage","url":"https:\/\/lederme.com.mx\/registro\/wp-content\/uploads\/2024\/09\/CHOLLYWOODPEEL.jpg","contentUrl":"https:\/\/lederme.com.mx\/registro\/wp-content\/uploads\/2024\/09\/CHOLLYWOODPEEL.jpg","width":520,"height":520},{"@type":"BreadcrumbList","@id":"https:\/\/lederme.com.mx\/registro\/producto\/hollywood-peel-laser-facial\/#breadcrumb","itemListElement":[{"@type":"ListItem","position":1,"name":"Portada","item":"https:\/\/lederme.com.mx\/registro\/"},{"@type":"ListItem","position":2,"name":"Tienda","item":"https:\/\/lederme.com.mx\/registro\/tienda\/"},{"@type":"ListItem","position":3,"name":"HOLLYWOOD PEEL LASER FACIAL"}]},{"@type":"WebSite","@id":"https:\/\/lederme.com.mx\/registro\/#website","url":"https:\/\/lederme.com.mx\/registro\/","name":"LeDerme","description":"Agenda tu cita en l\u00ednea","potentialAction":[{"@type":"SearchAction","target":{"@type":"EntryPoint","urlTemplate":"https:\/\/lederme.com.mx\/registro\/?s={search_term_string}"},"query-input":{"@type":"PropertyValueSpecification","valueRequired":true,"valueName":"search_term_string"}}],"inLanguage":"es"}]},"product_price_amount":"1400.00","product_price_currency":"MXN","og_availability":"instock","product_availability":"instock","product_condition":"new"},"_links":{"self":[{"href":"https:\/\/lederme.com.mx\/registro\/wp-json\/wp\/v2\/product\/465","targetHints":{"allow":["GET"]}}],"collection":[{"href":"https:\/\/lederme.com.mx\/registro\/wp-json\/wp\/v2\/product"}],"about":[{"href":"https:\/\/lederme.com.mx\/registro\/wp-json\/wp\/v2\/types\/product"}],"wp:featuredmedia":[{"embeddable":true,"href":"https:\/\/lederme.com.mx\/registro\/wp-json\/wp\/v2\/media\/2534"}],"wp:attachment":[{"href":"https:\/\/lederme.com.mx\/registro\/wp-json\/wp\/v2\/media?parent=465"}],"wp:term":[{"taxonomy":"product_brand","embeddable":true,"href":"https:\/\/lederme.com.mx\/registro\/wp-json\/wp\/v2\/product_brand?post=465"},{"taxonomy":"product_cat","embeddable":true,"href":"https:\/\/lederme.com.mx\/registro\/wp-json\/wp\/v2\/product_cat?post=465"},{"taxonomy":"product_tag","embeddable":true,"href":"https:\/\/lederme.com.mx\/registro\/wp-json\/wp\/v2\/product_tag?post=465"}],"curies":[{"name":"wp","href":"https:\/\/api.w.org\/{rel}","templated":true}]}}