{"id":4093,"date":"2025-11-02T21:05:16","date_gmt":"2025-11-03T03:05:16","guid":{"rendered":"https:\/\/lederme.com.mx\/registro\/?post_type=product&#038;p=4093"},"modified":"2025-11-02T21:05:19","modified_gmt":"2025-11-03T03:05:19","slug":"the-skinceuticals-antiox-protocol-x-hydrafacial-md","status":"publish","type":"product","link":"https:\/\/lederme.com.mx\/registro\/producto\/the-skinceuticals-antiox-protocol-x-hydrafacial-md\/","title":{"rendered":"THE SKINCEUTICALS\u2122 ANTIOX PROTOCOL X HYDRAFACIAL MD"},"content":{"rendered":"","protected":false},"excerpt":{"rendered":"<p data-start=\"207\" data-end=\"521\">La combinaci\u00f3n de <strong data-start=\"225\" data-end=\"256\">HydraFacial x SkinCeuticals<\/strong> es un protocolo de tratamiento facial avanzado en el que se integran productos de alta concentraci\u00f3n de la l\u00ednea dermatol\u00f3gica l\u00edder a nivel mundial <strong data-start=\"406\" data-end=\"423\">SkinCeuticals<\/strong>, y la tecnolog\u00eda n\u00famero uno en limpieza profunda, exfoliaci\u00f3n e hidrataci\u00f3n de <strong data-start=\"503\" data-end=\"518\">HydraFacial<\/strong>.<\/p>\n<p data-start=\"523\" data-end=\"786\">Esta sinergia busca potenciar los beneficios de ambos, ofreciendo una soluci\u00f3n m\u00e1s personalizada y eficaz para mejorar la salud y apariencia de tu piel, d\u00e1ndole un <em data-start=\"687\" data-end=\"693\">glow<\/em> al instante y potenciando su revitalizaci\u00f3n con el poder de la <strong data-start=\"757\" data-end=\"785\">terapia LED de Dermalux\u2122<\/p>\n<p>\u2713 Limpieza profunda<br data-start=\"831\" data-end=\"834\" \/>\u2713 Revitaliza y suaviza la piel<br data-start=\"864\" data-end=\"867\" \/>\u2713 Descongestiona los poros<br data-start=\"893\" data-end=\"896\" \/>\u2713 Nutre<br data-start=\"903\" data-end=\"906\" \/>\u2713 Hidrata<br data-start=\"915\" data-end=\"918\" \/>\u2713 Piel fresca y radiante<br data-start=\"942\" data-end=\"945\" \/>\u2713 Luminosidad<br data-start=\"958\" data-end=\"961\" \/>\u2713 Terapia LED Dermalux\u2122<\/strong><\/p>\n","protected":false},"featured_media":4094,"template":"","meta":[],"product_brand":[],"product_cat":[17],"product_tag":[],"class_list":{"0":"post-4093","1":"product","2":"type-product","3":"status-publish","4":"has-post-thumbnail","6":"product_cat-hydrafacial","8":"first","9":"instock","10":"sale","11":"taxable","12":"shipping-taxable","13":"purchasable","14":"product-type-simple"},"yoast_head":"<!-- This site is optimized with the Yoast SEO Premium plugin v26.9 (Yoast SEO v27.3) - https:\/\/yoast.com\/product\/yoast-seo-premium-wordpress\/ -->\n<title>THE SKINCEUTICALS\u2122 ANTIOX PROTOCOL X HYDRAFACIAL MD - LeDerme<\/title>\n<meta name=\"robots\" content=\"index, follow, max-snippet:-1, max-image-preview:large, max-video-preview:-1\" \/>\n<link rel=\"canonical\" href=\"https:\/\/lederme.com.mx\/registro\/producto\/the-skinceuticals-antiox-protocol-x-hydrafacial-md\/\" \/>\n<meta property=\"og:locale\" content=\"es_ES\" \/>\n<meta property=\"og:type\" content=\"article\" \/>\n<meta property=\"og:title\" content=\"THE SKINCEUTICALS\u2122 ANTIOX PROTOCOL X HYDRAFACIAL MD\" \/>\n<meta property=\"og:description\" content=\"La combinaci\u00f3n de HydraFacial x SkinCeuticals es un protocolo de tratamiento facial avanzado en el que se integran productos de alta concentraci\u00f3n de la l\u00ednea dermatol\u00f3gica l\u00edder a nivel mundial SkinCeuticals, y la tecnolog\u00eda n\u00famero uno en limpieza profunda, exfoliaci\u00f3n e hidrataci\u00f3n de HydraFacial. Esta sinergia busca potenciar los beneficios de ambos, ofreciendo una soluci\u00f3n m\u00e1s personalizada y eficaz para mejorar la salud y apariencia de tu piel, d\u00e1ndole un glow al instante y potenciando su revitalizaci\u00f3n con el poder de la terapia LED de Dermalux\u2122  \u2713 Limpieza profunda\u2713 Revitaliza y suaviza la piel\u2713 Descongestiona los poros\u2713 Nutre\u2713 Hidrata\u2713 Piel fresca y radiante\u2713 Luminosidad\u2713 Terapia LED Dermalux\u2122\" \/>\n<meta property=\"og:url\" content=\"https:\/\/lederme.com.mx\/registro\/producto\/the-skinceuticals-antiox-protocol-x-hydrafacial-md\/\" \/>\n<meta property=\"og:site_name\" content=\"LeDerme\" \/>\n<meta property=\"article:modified_time\" content=\"2025-11-03T03:05:19+00:00\" \/>\n<meta property=\"og:image\" content=\"https:\/\/lederme.com.mx\/registro\/wp-content\/uploads\/2025\/11\/HYDRASKINCEUTICALS2.jpg\" \/>\n\t<meta property=\"og:image:width\" content=\"580\" \/>\n\t<meta property=\"og:image:height\" content=\"580\" \/>\n\t<meta property=\"og:image:type\" content=\"image\/jpeg\" \/>\n<meta name=\"twitter:card\" content=\"summary_large_image\" \/>\n<meta name=\"twitter:label1\" content=\"Precio\" \/>\n\t<meta name=\"twitter:data1\" content=\"&#036;2,660.00 impuestos incluidos\" \/>\n\t<meta name=\"twitter:label2\" content=\"Disponibilidad\" \/>\n\t<meta name=\"twitter:data2\" content=\"Disponible\" \/>\n<script type=\"application\/ld+json\" class=\"yoast-schema-graph\">{\"@context\":\"https:\\\/\\\/schema.org\",\"@graph\":[{\"@type\":\"WebPage\",\"@id\":\"https:\\\/\\\/lederme.com.mx\\\/registro\\\/producto\\\/the-skinceuticals-antiox-protocol-x-hydrafacial-md\\\/\",\"url\":\"https:\\\/\\\/lederme.com.mx\\\/registro\\\/producto\\\/the-skinceuticals-antiox-protocol-x-hydrafacial-md\\\/\",\"name\":\"THE SKINCEUTICALS\u2122 ANTIOX PROTOCOL X HYDRAFACIAL MD - LeDerme\",\"isPartOf\":{\"@id\":\"https:\\\/\\\/lederme.com.mx\\\/registro\\\/#website\"},\"primaryImageOfPage\":{\"@id\":\"https:\\\/\\\/lederme.com.mx\\\/registro\\\/producto\\\/the-skinceuticals-antiox-protocol-x-hydrafacial-md\\\/#primaryimage\"},\"image\":{\"@id\":\"https:\\\/\\\/lederme.com.mx\\\/registro\\\/producto\\\/the-skinceuticals-antiox-protocol-x-hydrafacial-md\\\/#primaryimage\"},\"thumbnailUrl\":\"https:\\\/\\\/lederme.com.mx\\\/registro\\\/wp-content\\\/uploads\\\/2025\\\/11\\\/HYDRASKINCEUTICALS2.jpg\",\"datePublished\":\"2025-11-03T03:05:16+00:00\",\"dateModified\":\"2025-11-03T03:05:19+00:00\",\"breadcrumb\":{\"@id\":\"https:\\\/\\\/lederme.com.mx\\\/registro\\\/producto\\\/the-skinceuticals-antiox-protocol-x-hydrafacial-md\\\/#breadcrumb\"},\"inLanguage\":\"es\",\"potentialAction\":[{\"@type\":\"ReadAction\",\"target\":[\"https:\\\/\\\/lederme.com.mx\\\/registro\\\/producto\\\/the-skinceuticals-antiox-protocol-x-hydrafacial-md\\\/\"]}]},{\"@type\":\"ImageObject\",\"inLanguage\":\"es\",\"@id\":\"https:\\\/\\\/lederme.com.mx\\\/registro\\\/producto\\\/the-skinceuticals-antiox-protocol-x-hydrafacial-md\\\/#primaryimage\",\"url\":\"https:\\\/\\\/lederme.com.mx\\\/registro\\\/wp-content\\\/uploads\\\/2025\\\/11\\\/HYDRASKINCEUTICALS2.jpg\",\"contentUrl\":\"https:\\\/\\\/lederme.com.mx\\\/registro\\\/wp-content\\\/uploads\\\/2025\\\/11\\\/HYDRASKINCEUTICALS2.jpg\",\"width\":580,\"height\":580},{\"@type\":\"BreadcrumbList\",\"@id\":\"https:\\\/\\\/lederme.com.mx\\\/registro\\\/producto\\\/the-skinceuticals-antiox-protocol-x-hydrafacial-md\\\/#breadcrumb\",\"itemListElement\":[{\"@type\":\"ListItem\",\"position\":1,\"name\":\"Portada\",\"item\":\"https:\\\/\\\/lederme.com.mx\\\/registro\\\/\"},{\"@type\":\"ListItem\",\"position\":2,\"name\":\"Tienda\",\"item\":\"https:\\\/\\\/lederme.com.mx\\\/registro\\\/tienda\\\/\"},{\"@type\":\"ListItem\",\"position\":3,\"name\":\"THE SKINCEUTICALS\u2122 ANTIOX PROTOCOL X HYDRAFACIAL MD\"}]},{\"@type\":\"WebSite\",\"@id\":\"https:\\\/\\\/lederme.com.mx\\\/registro\\\/#website\",\"url\":\"https:\\\/\\\/lederme.com.mx\\\/registro\\\/\",\"name\":\"LeDerme\",\"description\":\"Agenda tu cita en l\u00ednea\",\"potentialAction\":[{\"@type\":\"SearchAction\",\"target\":{\"@type\":\"EntryPoint\",\"urlTemplate\":\"https:\\\/\\\/lederme.com.mx\\\/registro\\\/?s={search_term_string}\"},\"query-input\":{\"@type\":\"PropertyValueSpecification\",\"valueRequired\":true,\"valueName\":\"search_term_string\"}}],\"inLanguage\":\"es\"}]}<\/script>\n<meta property=\"product:price:amount\" content=\"2660.00\" \/>\n<meta property=\"product:price:currency\" content=\"MXN\" \/>\n<meta property=\"og:availability\" content=\"instock\" \/>\n<meta property=\"product:availability\" content=\"instock\" \/>\n<meta property=\"product:condition\" content=\"new\" \/>\n<!-- \/ Yoast SEO Premium plugin. -->","yoast_head_json":{"title":"THE SKINCEUTICALS\u2122 ANTIOX PROTOCOL X HYDRAFACIAL MD - LeDerme","robots":{"index":"index","follow":"follow","max-snippet":"max-snippet:-1","max-image-preview":"max-image-preview:large","max-video-preview":"max-video-preview:-1"},"canonical":"https:\/\/lederme.com.mx\/registro\/producto\/the-skinceuticals-antiox-protocol-x-hydrafacial-md\/","og_locale":"es_ES","og_type":"article","og_title":"THE SKINCEUTICALS\u2122 ANTIOX PROTOCOL X HYDRAFACIAL MD","og_description":"La combinaci\u00f3n de HydraFacial x SkinCeuticals es un protocolo de tratamiento facial avanzado en el que se integran productos de alta concentraci\u00f3n de la l\u00ednea dermatol\u00f3gica l\u00edder a nivel mundial SkinCeuticals, y la tecnolog\u00eda n\u00famero uno en limpieza profunda, exfoliaci\u00f3n e hidrataci\u00f3n de HydraFacial. Esta sinergia busca potenciar los beneficios de ambos, ofreciendo una soluci\u00f3n m\u00e1s personalizada y eficaz para mejorar la salud y apariencia de tu piel, d\u00e1ndole un glow al instante y potenciando su revitalizaci\u00f3n con el poder de la terapia LED de Dermalux\u2122  \u2713 Limpieza profunda\u2713 Revitaliza y suaviza la piel\u2713 Descongestiona los poros\u2713 Nutre\u2713 Hidrata\u2713 Piel fresca y radiante\u2713 Luminosidad\u2713 Terapia LED Dermalux\u2122","og_url":"https:\/\/lederme.com.mx\/registro\/producto\/the-skinceuticals-antiox-protocol-x-hydrafacial-md\/","og_site_name":"LeDerme","article_modified_time":"2025-11-03T03:05:19+00:00","og_image":[{"width":580,"height":580,"url":"https:\/\/lederme.com.mx\/registro\/wp-content\/uploads\/2025\/11\/HYDRASKINCEUTICALS2.jpg","type":"image\/jpeg"}],"twitter_card":"summary_large_image","twitter_misc":{"Precio":"&#36;2,660.00 impuestos incluidos","Disponibilidad":"Disponible"},"schema":{"@context":"https:\/\/schema.org","@graph":[{"@type":"WebPage","@id":"https:\/\/lederme.com.mx\/registro\/producto\/the-skinceuticals-antiox-protocol-x-hydrafacial-md\/","url":"https:\/\/lederme.com.mx\/registro\/producto\/the-skinceuticals-antiox-protocol-x-hydrafacial-md\/","name":"THE SKINCEUTICALS\u2122 ANTIOX PROTOCOL X HYDRAFACIAL MD - LeDerme","isPartOf":{"@id":"https:\/\/lederme.com.mx\/registro\/#website"},"primaryImageOfPage":{"@id":"https:\/\/lederme.com.mx\/registro\/producto\/the-skinceuticals-antiox-protocol-x-hydrafacial-md\/#primaryimage"},"image":{"@id":"https:\/\/lederme.com.mx\/registro\/producto\/the-skinceuticals-antiox-protocol-x-hydrafacial-md\/#primaryimage"},"thumbnailUrl":"https:\/\/lederme.com.mx\/registro\/wp-content\/uploads\/2025\/11\/HYDRASKINCEUTICALS2.jpg","datePublished":"2025-11-03T03:05:16+00:00","dateModified":"2025-11-03T03:05:19+00:00","breadcrumb":{"@id":"https:\/\/lederme.com.mx\/registro\/producto\/the-skinceuticals-antiox-protocol-x-hydrafacial-md\/#breadcrumb"},"inLanguage":"es","potentialAction":[{"@type":"ReadAction","target":["https:\/\/lederme.com.mx\/registro\/producto\/the-skinceuticals-antiox-protocol-x-hydrafacial-md\/"]}]},{"@type":"ImageObject","inLanguage":"es","@id":"https:\/\/lederme.com.mx\/registro\/producto\/the-skinceuticals-antiox-protocol-x-hydrafacial-md\/#primaryimage","url":"https:\/\/lederme.com.mx\/registro\/wp-content\/uploads\/2025\/11\/HYDRASKINCEUTICALS2.jpg","contentUrl":"https:\/\/lederme.com.mx\/registro\/wp-content\/uploads\/2025\/11\/HYDRASKINCEUTICALS2.jpg","width":580,"height":580},{"@type":"BreadcrumbList","@id":"https:\/\/lederme.com.mx\/registro\/producto\/the-skinceuticals-antiox-protocol-x-hydrafacial-md\/#breadcrumb","itemListElement":[{"@type":"ListItem","position":1,"name":"Portada","item":"https:\/\/lederme.com.mx\/registro\/"},{"@type":"ListItem","position":2,"name":"Tienda","item":"https:\/\/lederme.com.mx\/registro\/tienda\/"},{"@type":"ListItem","position":3,"name":"THE SKINCEUTICALS\u2122 ANTIOX PROTOCOL X HYDRAFACIAL MD"}]},{"@type":"WebSite","@id":"https:\/\/lederme.com.mx\/registro\/#website","url":"https:\/\/lederme.com.mx\/registro\/","name":"LeDerme","description":"Agenda tu cita en l\u00ednea","potentialAction":[{"@type":"SearchAction","target":{"@type":"EntryPoint","urlTemplate":"https:\/\/lederme.com.mx\/registro\/?s={search_term_string}"},"query-input":{"@type":"PropertyValueSpecification","valueRequired":true,"valueName":"search_term_string"}}],"inLanguage":"es"}]},"product_price_amount":"2660.00","product_price_currency":"MXN","og_availability":"instock","product_availability":"instock","product_condition":"new"},"_links":{"self":[{"href":"https:\/\/lederme.com.mx\/registro\/wp-json\/wp\/v2\/product\/4093","targetHints":{"allow":["GET"]}}],"collection":[{"href":"https:\/\/lederme.com.mx\/registro\/wp-json\/wp\/v2\/product"}],"about":[{"href":"https:\/\/lederme.com.mx\/registro\/wp-json\/wp\/v2\/types\/product"}],"wp:featuredmedia":[{"embeddable":true,"href":"https:\/\/lederme.com.mx\/registro\/wp-json\/wp\/v2\/media\/4094"}],"wp:attachment":[{"href":"https:\/\/lederme.com.mx\/registro\/wp-json\/wp\/v2\/media?parent=4093"}],"wp:term":[{"taxonomy":"product_brand","embeddable":true,"href":"https:\/\/lederme.com.mx\/registro\/wp-json\/wp\/v2\/product_brand?post=4093"},{"taxonomy":"product_cat","embeddable":true,"href":"https:\/\/lederme.com.mx\/registro\/wp-json\/wp\/v2\/product_cat?post=4093"},{"taxonomy":"product_tag","embeddable":true,"href":"https:\/\/lederme.com.mx\/registro\/wp-json\/wp\/v2\/product_tag?post=4093"}],"curies":[{"name":"wp","href":"https:\/\/api.w.org\/{rel}","templated":true}]}}