{"id":3539,"date":"2025-08-29T13:00:05","date_gmt":"2025-08-29T19:00:05","guid":{"rendered":"https:\/\/lederme.com.mx\/registro\/?post_type=product&#038;p=3539"},"modified":"2026-03-15T20:31:42","modified_gmt":"2026-03-16T02:31:42","slug":"murad-vita-c-hydrafacial","status":"publish","type":"product","link":"https:\/\/lederme.com.mx\/registro\/producto\/murad-vita-c-hydrafacial\/","title":{"rendered":"MURAD VITA-C HYDRAFACIAL"},"content":{"rendered":"","protected":false},"excerpt":{"rendered":"<p data-start=\"120\" data-end=\"489\">No m\u00e1s rostro apagado y cansado! Disfruta de nuestro <strong data-start=\"174\" data-end=\"200\">MURAD\u00ae VITA-C\u00ae BOOSTER<\/strong>, recargado con vitamina C estabilizada con micropart\u00edculas de oro, d\u00e1ndole mayor absorci\u00f3n; \u00e1cido glic\u00f3lico, \u00e1cido tranex\u00e1mico y <strong data-start=\"330\" data-end=\"346\">RepleniCell\u2122<\/strong>, tecnolog\u00eda del Dr. Murad para atraer y retener hidrataci\u00f3n en tu piel.<br data-start=\"418\" data-end=\"421\" \/><strong data-start=\"421\" data-end=\"435\">Resultado:<\/strong> piel radiante, luminosidad e hidrataci\u00f3n al instante.<\/p>\n<p data-start=\"491\" data-end=\"692\">\u2713 Limpieza profunda<br data-start=\"510\" data-end=\"513\" \/>\u2713 Descongestiona y minimiza los poros<br data-start=\"550\" data-end=\"553\" \/>\u2713 Renueva la superficie de tu piel<br data-start=\"587\" data-end=\"590\" \/>\u2713 Hidrataci\u00f3n profunda y duradera<br data-start=\"623\" data-end=\"626\" data-is-only-node=\"\" \/>\u2713 Suaviza<br data-start=\"635\" data-end=\"638\" \/>\u2713 Piel radiante, luminosidad e hidrataci\u00f3n al instante<\/p>\n","protected":false},"featured_media":3541,"template":"","meta":[],"product_brand":[],"product_cat":[17],"product_tag":[],"class_list":{"0":"post-3539","1":"product","2":"type-product","3":"status-publish","4":"has-post-thumbnail","6":"product_cat-hydrafacial","8":"first","9":"instock","10":"sale","11":"taxable","12":"shipping-taxable","13":"purchasable","14":"product-type-simple"},"yoast_head":"<!-- This site is optimized with the Yoast SEO Premium plugin v26.9 (Yoast SEO v27.3) - https:\/\/yoast.com\/product\/yoast-seo-premium-wordpress\/ -->\n<title>MURAD VITA-C HYDRAFACIAL - LeDerme<\/title>\n<meta name=\"robots\" content=\"index, follow, max-snippet:-1, max-image-preview:large, max-video-preview:-1\" \/>\n<link rel=\"canonical\" href=\"https:\/\/lederme.com.mx\/registro\/producto\/murad-vita-c-hydrafacial\/\" \/>\n<meta property=\"og:locale\" content=\"es_ES\" \/>\n<meta property=\"og:type\" content=\"article\" \/>\n<meta property=\"og:title\" content=\"MURAD VITA-C HYDRAFACIAL\" \/>\n<meta property=\"og:description\" content=\"No m\u00e1s rostro apagado y cansado! Disfruta de nuestro MURAD\u00ae VITA-C\u00ae BOOSTER, recargado con vitamina C estabilizada con micropart\u00edculas de oro, d\u00e1ndole mayor absorci\u00f3n; \u00e1cido glic\u00f3lico, \u00e1cido tranex\u00e1mico y RepleniCell\u2122, tecnolog\u00eda del Dr. Murad para atraer y retener hidrataci\u00f3n en tu piel.Resultado: piel radiante, luminosidad e hidrataci\u00f3n al instante. \u2713 Limpieza profunda\u2713 Descongestiona y minimiza los poros\u2713 Renueva la superficie de tu piel\u2713 Hidrataci\u00f3n profunda y duradera\u2713 Suaviza\u2713 Piel radiante, luminosidad e hidrataci\u00f3n al instante\" \/>\n<meta property=\"og:url\" content=\"https:\/\/lederme.com.mx\/registro\/producto\/murad-vita-c-hydrafacial\/\" \/>\n<meta property=\"og:site_name\" content=\"LeDerme\" \/>\n<meta property=\"article:modified_time\" content=\"2026-03-16T02:31:42+00:00\" \/>\n<meta property=\"og:image\" content=\"https:\/\/lederme.com.mx\/registro\/wp-content\/uploads\/2025\/08\/VITAC2-1.jpg\" \/>\n\t<meta property=\"og:image:width\" content=\"778\" \/>\n\t<meta property=\"og:image:height\" content=\"1080\" \/>\n\t<meta property=\"og:image:type\" content=\"image\/jpeg\" \/>\n<meta name=\"twitter:card\" content=\"summary_large_image\" \/>\n<meta name=\"twitter:label1\" content=\"Precio\" \/>\n\t<meta name=\"twitter:data1\" content=\"&#036;1,950.00 impuestos incluidos\" \/>\n\t<meta name=\"twitter:label2\" content=\"Disponibilidad\" \/>\n\t<meta name=\"twitter:data2\" content=\"Disponible\" \/>\n<script type=\"application\/ld+json\" class=\"yoast-schema-graph\">{\"@context\":\"https:\\\/\\\/schema.org\",\"@graph\":[{\"@type\":\"WebPage\",\"@id\":\"https:\\\/\\\/lederme.com.mx\\\/registro\\\/producto\\\/murad-vita-c-hydrafacial\\\/\",\"url\":\"https:\\\/\\\/lederme.com.mx\\\/registro\\\/producto\\\/murad-vita-c-hydrafacial\\\/\",\"name\":\"MURAD VITA-C HYDRAFACIAL - LeDerme\",\"isPartOf\":{\"@id\":\"https:\\\/\\\/lederme.com.mx\\\/registro\\\/#website\"},\"primaryImageOfPage\":{\"@id\":\"https:\\\/\\\/lederme.com.mx\\\/registro\\\/producto\\\/murad-vita-c-hydrafacial\\\/#primaryimage\"},\"image\":{\"@id\":\"https:\\\/\\\/lederme.com.mx\\\/registro\\\/producto\\\/murad-vita-c-hydrafacial\\\/#primaryimage\"},\"thumbnailUrl\":\"https:\\\/\\\/lederme.com.mx\\\/registro\\\/wp-content\\\/uploads\\\/2025\\\/08\\\/VITAC2-1.jpg\",\"datePublished\":\"2025-08-29T19:00:05+00:00\",\"dateModified\":\"2026-03-16T02:31:42+00:00\",\"breadcrumb\":{\"@id\":\"https:\\\/\\\/lederme.com.mx\\\/registro\\\/producto\\\/murad-vita-c-hydrafacial\\\/#breadcrumb\"},\"inLanguage\":\"es\",\"potentialAction\":[{\"@type\":\"ReadAction\",\"target\":[\"https:\\\/\\\/lederme.com.mx\\\/registro\\\/producto\\\/murad-vita-c-hydrafacial\\\/\"]}]},{\"@type\":\"ImageObject\",\"inLanguage\":\"es\",\"@id\":\"https:\\\/\\\/lederme.com.mx\\\/registro\\\/producto\\\/murad-vita-c-hydrafacial\\\/#primaryimage\",\"url\":\"https:\\\/\\\/lederme.com.mx\\\/registro\\\/wp-content\\\/uploads\\\/2025\\\/08\\\/VITAC2-1.jpg\",\"contentUrl\":\"https:\\\/\\\/lederme.com.mx\\\/registro\\\/wp-content\\\/uploads\\\/2025\\\/08\\\/VITAC2-1.jpg\",\"width\":778,\"height\":1080},{\"@type\":\"BreadcrumbList\",\"@id\":\"https:\\\/\\\/lederme.com.mx\\\/registro\\\/producto\\\/murad-vita-c-hydrafacial\\\/#breadcrumb\",\"itemListElement\":[{\"@type\":\"ListItem\",\"position\":1,\"name\":\"Portada\",\"item\":\"https:\\\/\\\/lederme.com.mx\\\/registro\\\/\"},{\"@type\":\"ListItem\",\"position\":2,\"name\":\"Tienda\",\"item\":\"https:\\\/\\\/lederme.com.mx\\\/registro\\\/tienda\\\/\"},{\"@type\":\"ListItem\",\"position\":3,\"name\":\"MURAD VITA-C HYDRAFACIAL\"}]},{\"@type\":\"WebSite\",\"@id\":\"https:\\\/\\\/lederme.com.mx\\\/registro\\\/#website\",\"url\":\"https:\\\/\\\/lederme.com.mx\\\/registro\\\/\",\"name\":\"LeDerme\",\"description\":\"Agenda tu cita en l\u00ednea\",\"potentialAction\":[{\"@type\":\"SearchAction\",\"target\":{\"@type\":\"EntryPoint\",\"urlTemplate\":\"https:\\\/\\\/lederme.com.mx\\\/registro\\\/?s={search_term_string}\"},\"query-input\":{\"@type\":\"PropertyValueSpecification\",\"valueRequired\":true,\"valueName\":\"search_term_string\"}}],\"inLanguage\":\"es\"}]}<\/script>\n<meta property=\"product:price:amount\" content=\"1950.00\" \/>\n<meta property=\"product:price:currency\" content=\"MXN\" \/>\n<meta property=\"og:availability\" content=\"instock\" \/>\n<meta property=\"product:availability\" content=\"instock\" \/>\n<meta property=\"product:condition\" content=\"new\" \/>\n<!-- \/ Yoast SEO Premium plugin. -->","yoast_head_json":{"title":"MURAD VITA-C HYDRAFACIAL - LeDerme","robots":{"index":"index","follow":"follow","max-snippet":"max-snippet:-1","max-image-preview":"max-image-preview:large","max-video-preview":"max-video-preview:-1"},"canonical":"https:\/\/lederme.com.mx\/registro\/producto\/murad-vita-c-hydrafacial\/","og_locale":"es_ES","og_type":"article","og_title":"MURAD VITA-C HYDRAFACIAL","og_description":"No m\u00e1s rostro apagado y cansado! Disfruta de nuestro MURAD\u00ae VITA-C\u00ae BOOSTER, recargado con vitamina C estabilizada con micropart\u00edculas de oro, d\u00e1ndole mayor absorci\u00f3n; \u00e1cido glic\u00f3lico, \u00e1cido tranex\u00e1mico y RepleniCell\u2122, tecnolog\u00eda del Dr. Murad para atraer y retener hidrataci\u00f3n en tu piel.Resultado: piel radiante, luminosidad e hidrataci\u00f3n al instante. \u2713 Limpieza profunda\u2713 Descongestiona y minimiza los poros\u2713 Renueva la superficie de tu piel\u2713 Hidrataci\u00f3n profunda y duradera\u2713 Suaviza\u2713 Piel radiante, luminosidad e hidrataci\u00f3n al instante","og_url":"https:\/\/lederme.com.mx\/registro\/producto\/murad-vita-c-hydrafacial\/","og_site_name":"LeDerme","article_modified_time":"2026-03-16T02:31:42+00:00","og_image":[{"width":778,"height":1080,"url":"https:\/\/lederme.com.mx\/registro\/wp-content\/uploads\/2025\/08\/VITAC2-1.jpg","type":"image\/jpeg"}],"twitter_card":"summary_large_image","twitter_misc":{"Precio":"&#36;1,950.00 impuestos incluidos","Disponibilidad":"Disponible"},"schema":{"@context":"https:\/\/schema.org","@graph":[{"@type":"WebPage","@id":"https:\/\/lederme.com.mx\/registro\/producto\/murad-vita-c-hydrafacial\/","url":"https:\/\/lederme.com.mx\/registro\/producto\/murad-vita-c-hydrafacial\/","name":"MURAD VITA-C HYDRAFACIAL - LeDerme","isPartOf":{"@id":"https:\/\/lederme.com.mx\/registro\/#website"},"primaryImageOfPage":{"@id":"https:\/\/lederme.com.mx\/registro\/producto\/murad-vita-c-hydrafacial\/#primaryimage"},"image":{"@id":"https:\/\/lederme.com.mx\/registro\/producto\/murad-vita-c-hydrafacial\/#primaryimage"},"thumbnailUrl":"https:\/\/lederme.com.mx\/registro\/wp-content\/uploads\/2025\/08\/VITAC2-1.jpg","datePublished":"2025-08-29T19:00:05+00:00","dateModified":"2026-03-16T02:31:42+00:00","breadcrumb":{"@id":"https:\/\/lederme.com.mx\/registro\/producto\/murad-vita-c-hydrafacial\/#breadcrumb"},"inLanguage":"es","potentialAction":[{"@type":"ReadAction","target":["https:\/\/lederme.com.mx\/registro\/producto\/murad-vita-c-hydrafacial\/"]}]},{"@type":"ImageObject","inLanguage":"es","@id":"https:\/\/lederme.com.mx\/registro\/producto\/murad-vita-c-hydrafacial\/#primaryimage","url":"https:\/\/lederme.com.mx\/registro\/wp-content\/uploads\/2025\/08\/VITAC2-1.jpg","contentUrl":"https:\/\/lederme.com.mx\/registro\/wp-content\/uploads\/2025\/08\/VITAC2-1.jpg","width":778,"height":1080},{"@type":"BreadcrumbList","@id":"https:\/\/lederme.com.mx\/registro\/producto\/murad-vita-c-hydrafacial\/#breadcrumb","itemListElement":[{"@type":"ListItem","position":1,"name":"Portada","item":"https:\/\/lederme.com.mx\/registro\/"},{"@type":"ListItem","position":2,"name":"Tienda","item":"https:\/\/lederme.com.mx\/registro\/tienda\/"},{"@type":"ListItem","position":3,"name":"MURAD VITA-C HYDRAFACIAL"}]},{"@type":"WebSite","@id":"https:\/\/lederme.com.mx\/registro\/#website","url":"https:\/\/lederme.com.mx\/registro\/","name":"LeDerme","description":"Agenda tu cita en l\u00ednea","potentialAction":[{"@type":"SearchAction","target":{"@type":"EntryPoint","urlTemplate":"https:\/\/lederme.com.mx\/registro\/?s={search_term_string}"},"query-input":{"@type":"PropertyValueSpecification","valueRequired":true,"valueName":"search_term_string"}}],"inLanguage":"es"}]},"product_price_amount":"1950.00","product_price_currency":"MXN","og_availability":"instock","product_availability":"instock","product_condition":"new"},"_links":{"self":[{"href":"https:\/\/lederme.com.mx\/registro\/wp-json\/wp\/v2\/product\/3539","targetHints":{"allow":["GET"]}}],"collection":[{"href":"https:\/\/lederme.com.mx\/registro\/wp-json\/wp\/v2\/product"}],"about":[{"href":"https:\/\/lederme.com.mx\/registro\/wp-json\/wp\/v2\/types\/product"}],"wp:featuredmedia":[{"embeddable":true,"href":"https:\/\/lederme.com.mx\/registro\/wp-json\/wp\/v2\/media\/3541"}],"wp:attachment":[{"href":"https:\/\/lederme.com.mx\/registro\/wp-json\/wp\/v2\/media?parent=3539"}],"wp:term":[{"taxonomy":"product_brand","embeddable":true,"href":"https:\/\/lederme.com.mx\/registro\/wp-json\/wp\/v2\/product_brand?post=3539"},{"taxonomy":"product_cat","embeddable":true,"href":"https:\/\/lederme.com.mx\/registro\/wp-json\/wp\/v2\/product_cat?post=3539"},{"taxonomy":"product_tag","embeddable":true,"href":"https:\/\/lederme.com.mx\/registro\/wp-json\/wp\/v2\/product_tag?post=3539"}],"curies":[{"name":"wp","href":"https:\/\/api.w.org\/{rel}","templated":true}]}}