{"id":4856,"date":"2026-01-30T09:23:40","date_gmt":"2026-01-30T15:23:40","guid":{"rendered":"https:\/\/lederme.com.mx\/registro\/?page_id=4856"},"modified":"2026-05-05T16:47:28","modified_gmt":"2026-05-05T22:47:28","slug":"em-fusion-guadalajara","status":"publish","type":"page","link":"https:\/\/lederme.com.mx\/registro\/em-fusion-guadalajara\/","title":{"rendered":"EM FUSION GUADALAJARA"},"content":{"rendered":"\n\n<span class=\"scroll-to\" data-label=\"Scroll to: #productos\" data-bullet=\"false\" data-link=\"#productos\" data-title=\"productos\"><a name=\"productos\"><\/a><\/span>\n\n\t<section class=\"section\" id=\"section_1294382066\">\n\t\t<div class=\"section-bg fill\" >\n\t\t\t\t\t\t\t\t\t\n\t\t\t\n\n\t\t<\/div>\n\n\t\t\n\n\t\t<div class=\"section-content relative\">\n\t\t\t\n<div class=\"row row-collapse row-full-width\"  id=\"row-1174105901\">\n\n\t<div id=\"col-1622175096\" class=\"col medium-6 small-12 large-6\"  >\n\t\t\t\t<div class=\"col-inner\"  >\n\t\t\t\n\t\t\t\n<div class=\"row row-collapse row-full-width\"  id=\"row-663774513\">\n\n\t<div id=\"col-1445156587\" class=\"col medium-6 small-12 large-6\"  >\n\t\t\t\t<div class=\"col-inner\"  >\n\t\t\t\n\t\t\t\n\t<div class=\"img has-hover x md-x lg-x y md-y lg-y\" id=\"image_1942933211\">\n\t\t\t\t\t\t\t\t<div class=\"img-inner dark\" >\n\t\t\t<img loading=\"lazy\" decoding=\"async\" width=\"778\" height=\"1080\" src=\"https:\/\/lederme.com.mx\/registro\/wp-content\/uploads\/2025\/11\/emfusion.jpg\" class=\"attachment-original size-original\" alt=\"\" srcset=\"https:\/\/lederme.com.mx\/registro\/wp-content\/uploads\/2025\/11\/emfusion.jpg 778w, https:\/\/lederme.com.mx\/registro\/wp-content\/uploads\/2025\/11\/emfusion-216x300.jpg 216w, https:\/\/lederme.com.mx\/registro\/wp-content\/uploads\/2025\/11\/emfusion-738x1024.jpg 738w, https:\/\/lederme.com.mx\/registro\/wp-content\/uploads\/2025\/11\/emfusion-768x1066.jpg 768w, https:\/\/lederme.com.mx\/registro\/wp-content\/uploads\/2025\/11\/emfusion-600x833.jpg 600w\" sizes=\"auto, (max-width: 778px) 100vw, 778px\" \/>\t\t\t\t\t\t\n\t\t\t\t\t<\/div>\n\t\t\t\t\t\t\t\t\n<style>\n#image_1942933211 {\n  width: 100%;\n}\n<\/style>\n\t<\/div>\n\t\n\t\t<\/div>\n\t\t\t\t\t<\/div>\n\n\t\n\n\t<div id=\"col-904912540\" class=\"col medium-6 small-12 large-6\"  >\n\t\t\t\t<div class=\"col-inner\"  >\n\t\t\t\n\t\t\t\n\t<div id=\"text-1728450477\" class=\"text\">\n\t\t\n<h3><span style=\"font-size: 150%;\"><strong><b>THE SKIN LONGEVITY FACIAL<\/b><br \/><span style=\"color: #00065c;\"><b>BY EMFUSION<\/b><\/span><\/strong><\/span><\/h3>\n\t\t\n<style>\n#text-1728450477 {\n  line-height: 1.1;\n}\n<\/style>\n\t<\/div>\n\t\n<p><span style=\"font-size: 120%;\"><del>$3,000.00<\/del> <strong>$2,400.00 <\/strong><\/span><span style=\"font-size: 75%;\">impuestos i<\/span><span style=\"font-size: 100%;\"><span style=\"font-size: 75%;\">nlcuidos<\/span><\/span><\/p>\n<p data-start=\"155\" data-end=\"380\">Eleva la salud y la calidad de tu piel con <strong data-start=\"198\" data-end=\"211\">EMFUSION\u2122<\/strong>, el tratamiento cl\u00ednico de nueva generaci\u00f3n que utiliza la tecnolog\u00eda <strong data-start=\"282\" data-end=\"294\">DYNAMiQ\u2122<\/strong> de resonancia, fusi\u00f3n e infusi\u00f3n transd\u00e9rmica para potenciar la longevidad cut\u00e1nea.<\/p>\n<p data-start=\"382\" data-end=\"742\">Sin agujas, sin dolor y sin tiempo de recuperaci\u00f3n, <strong data-start=\"434\" data-end=\"447\">EMFUSION\u2122<\/strong> act\u00faa profundamente para reparar hasta el 80% de la barrera cut\u00e1nea, fortalecer las defensas naturales de la piel e infundir hidrataci\u00f3n y nutrientes esenciales, resultando en una piel luminosa, suave, el\u00e1stica y visiblemente m\u00e1s saludable, con un <em data-start=\"696\" data-end=\"702\">glow<\/em> que se mantiene por mucho m\u00e1s tiempo.<\/p>\n<p data-start=\"744\" data-end=\"897\">\u2713 Revitaliza y suaviza la piel<br data-start=\"774\" data-end=\"777\" \/>\u2713 Restaura la barrera de la piel<br data-start=\"809\" data-end=\"812\" \/>\u2713 Nutre e hidrata<br data-start=\"829\" data-end=\"832\" \/>\u2713 Piel fresca y radiante<br data-start=\"856\" data-end=\"859\" data-is-only-node=\"\" \/>\u2713 Luminosidad<br data-start=\"872\" data-end=\"875\" \/>\u2713 Antienvejecimiento<\/p>\n<a href=\"\/registro\/carrito\/?add-to-cart=4108\" class=\"button primary\" >\n\t\t<span>A\u00d1ADIR AL CARRITO<\/span>\n\t<\/a>\n\n\t\t<\/div>\n\t\t\t\t\t<\/div>\n\n\t\n<\/div>\n\t\t<\/div>\n\t\t\t\t\t<\/div>\n\n\t\n\n<style>\n#row-1174105901 > .col > .col-inner {\n  padding: 0px 3% 0px 2%;\n}\n<\/style>\n<\/div>\n\t<div id=\"gap-731070983\" class=\"gap-element clearfix\" style=\"display:block; height:auto;\">\n\t\t\n<style>\n#gap-731070983 {\n  padding-top: 30px;\n}\n<\/style>\n\t<\/div>\n\t\n\t\t<\/div>\n\n\t\t\n<style>\n#section_1294382066 {\n  padding-top: 30px;\n  padding-bottom: 30px;\n}\n<\/style>\n\t<\/section>\n\t\n<span class=\"scroll-to\" data-label=\"Scroll to: #faq\" data-bullet=\"false\" data-link=\"#faq\" data-title=\"faq\"><a name=\"faq\"><\/a><\/span>\n\n\n\t<section class=\"section dark\" id=\"section_1159006655\">\n\t\t<div class=\"section-bg fill\" >\n\t\t\t<img loading=\"lazy\" decoding=\"async\" width=\"1920\" height=\"1080\" src=\"https:\/\/lederme.com.mx\/registro\/wp-content\/uploads\/2025\/03\/terminosycond.jpg\" class=\"bg attachment-original size-original\" alt=\"\" \/>\t\t\t\t\t\t\n\t\t\t\n\n\t\t<\/div>\n\n\t\t\n\n\t\t<div class=\"section-content relative\">\n\t\t\t\n\t<div id=\"gap-1058400714\" class=\"gap-element clearfix\" style=\"display:block; height:auto;\">\n\t\t\n<style>\n#gap-1058400714 {\n  padding-top: 60px;\n}\n<\/style>\n\t<\/div>\n\t\n<div class=\"row\"  id=\"row-805230922\">\n\n\t<div id=\"col-2146759606\" class=\"col small-12 large-12\"  >\n\t\t\t\t<div class=\"col-inner\"  >\n\t\t\t\n\t\t\t\n<h3>T\u00c9RMINOS Y CONDICIONES GENERALES<\/h3>\n<p><strong>Cambios y Cancelaciones. Una vez que el pago ha sido procesado, no se permiten cancelaciones. Si necesita reagendar su cita, puede hacerlo sin costo adicional siempre que nos avise con al menos 48 horas de antelaci\u00f3n. Si no nos proporciona este aviso con la antelaci\u00f3n requerida, no ser\u00e1 posible reagendar su cita y perder\u00e1 el pago realizado sin derecho a reembolso. Agenda de Tratamiento. Se dispone de hasta 30 d\u00edas una vez realizado el pago para que pueda agendar y acudir a su tratamiento pagado. Si no selecciona una hora y d\u00eda, Lederme le asignar\u00e1 un horario y d\u00eda para que pueda acudir a su tratamiento. Pasado este periodo de 30 d\u00edas no es posible agenda ni tomar su tratamiento. No se aceptan cancelaciones y peder\u00e1 el pago realizado sin derecho a reembolso.<\/strong><\/p>\n\t\t<\/div>\n\t\t\t\t\t<\/div>\n\n\t\n\n\t<div id=\"col-1843031788\" class=\"col small-12 large-12\"  >\n\t\t\t\t<div class=\"col-inner text-right\"  >\n\t\t\t\n\t\t\t\n<a href=\"https:\/\/lederme.com.mx\/registro\/terminos-y-condiciones\/\" target=\"_blank\" class=\"button white is-outline\" rel=\"noopener\" >\n\t\t<span>M\u00c1S INFORMACI\u00d3N<\/span>\n\t<\/a>\n\n\t\t<\/div>\n\t\t\t\t\t<\/div>\n\n\t\n<\/div>\n\t\t<\/div>\n\n\t\t\n<style>\n#section_1159006655 {\n  padding-top: 30px;\n  padding-bottom: 30px;\n}\n<\/style>\n\t<\/section>\n\t\n\n\t<section class=\"section dark\" id=\"section_848445874\">\n\t\t<div class=\"section-bg fill\" >\n\t\t\t\t\t\t\t\t\t\n\t\t\t\n\n\t\t<\/div>\n\n\t\t\n\n\t\t<div class=\"section-content relative\">\n\t\t\t\n\t<div id=\"text-553927737\" class=\"text\">\n\t\t\n<h2 style=\"text-align: center;\"><strong>HOPE TO SEE YOUR SKIN SOON<\/strong><\/h2>\n<p style=\"text-align: center;\"><strong><br \/>\n<\/strong>Le Derme Medical Skincare Center Buenos Aires 2999, Guadalajara, Jalisco M\u00e9xico<strong><br \/>\n<\/strong><\/p>\n\t\t\n<style>\n#text-553927737 {\n  font-size: 1.1rem;\n  line-height: 1;\n}\n@media (min-width:550px) {\n  #text-553927737 {\n    font-size: 1.3rem;\n    line-height: 0.75;\n  }\n}\n<\/style>\n\t<\/div>\n\t\n\t\t<\/div>\n\n\t\t\n<style>\n#section_848445874 {\n  padding-top: 30px;\n  padding-bottom: 30px;\n  background-color: rgb(0,0,0);\n}\n<\/style>\n\t<\/section>\n\t\n","protected":false},"excerpt":{"rendered":"","protected":false},"author":43,"featured_media":0,"parent":0,"menu_order":0,"comment_status":"closed","ping_status":"closed","template":"page-blank.php","meta":{"footnotes":""},"class_list":["post-4856","page","type-page","status-publish","hentry"],"yoast_head":"<!-- This site is optimized with the Yoast SEO Premium plugin v26.9 (Yoast SEO v27.5) - https:\/\/yoast.com\/product\/yoast-seo-premium-wordpress\/ -->\n<title>EM FUSION GUADALAJARA - LeDerme<\/title>\n<meta name=\"robots\" content=\"index, follow, max-snippet:-1, max-image-preview:large, max-video-preview:-1\" \/>\n<link rel=\"canonical\" href=\"https:\/\/lederme.com.mx\/registro\/em-fusion-guadalajara\/\" \/>\n<meta property=\"og:locale\" content=\"es_ES\" \/>\n<meta property=\"og:type\" content=\"article\" \/>\n<meta property=\"og:title\" content=\"EM FUSION GUADALAJARA\" \/>\n<meta property=\"og:url\" content=\"https:\/\/lederme.com.mx\/registro\/em-fusion-guadalajara\/\" \/>\n<meta property=\"og:site_name\" content=\"LeDerme\" \/>\n<meta property=\"article:modified_time\" content=\"2026-05-05T22:47:28+00:00\" \/>\n<meta name=\"twitter:card\" content=\"summary_large_image\" \/>\n<meta name=\"twitter:label1\" content=\"Tiempo de lectura\" \/>\n\t<meta name=\"twitter:data1\" content=\"6 minutos\" \/>\n<script type=\"application\/ld+json\" class=\"yoast-schema-graph\">{\"@context\":\"https:\\\/\\\/schema.org\",\"@graph\":[{\"@type\":\"WebPage\",\"@id\":\"https:\\\/\\\/lederme.com.mx\\\/registro\\\/em-fusion-guadalajara\\\/\",\"url\":\"https:\\\/\\\/lederme.com.mx\\\/registro\\\/em-fusion-guadalajara\\\/\",\"name\":\"EM FUSION GUADALAJARA - LeDerme\",\"isPartOf\":{\"@id\":\"https:\\\/\\\/lederme.com.mx\\\/registro\\\/#website\"},\"datePublished\":\"2026-01-30T15:23:40+00:00\",\"dateModified\":\"2026-05-05T22:47:28+00:00\",\"breadcrumb\":{\"@id\":\"https:\\\/\\\/lederme.com.mx\\\/registro\\\/em-fusion-guadalajara\\\/#breadcrumb\"},\"inLanguage\":\"es\",\"potentialAction\":[{\"@type\":\"ReadAction\",\"target\":[\"https:\\\/\\\/lederme.com.mx\\\/registro\\\/em-fusion-guadalajara\\\/\"]}]},{\"@type\":\"BreadcrumbList\",\"@id\":\"https:\\\/\\\/lederme.com.mx\\\/registro\\\/em-fusion-guadalajara\\\/#breadcrumb\",\"itemListElement\":[{\"@type\":\"ListItem\",\"position\":1,\"name\":\"Portada\",\"item\":\"https:\\\/\\\/lederme.com.mx\\\/registro\\\/\"},{\"@type\":\"ListItem\",\"position\":2,\"name\":\"EM FUSION GUADALAJARA\"}]},{\"@type\":\"WebSite\",\"@id\":\"https:\\\/\\\/lederme.com.mx\\\/registro\\\/#website\",\"url\":\"https:\\\/\\\/lederme.com.mx\\\/registro\\\/\",\"name\":\"LeDerme\",\"description\":\"Agenda tu cita en l\u00ednea\",\"potentialAction\":[{\"@type\":\"SearchAction\",\"target\":{\"@type\":\"EntryPoint\",\"urlTemplate\":\"https:\\\/\\\/lederme.com.mx\\\/registro\\\/?s={search_term_string}\"},\"query-input\":{\"@type\":\"PropertyValueSpecification\",\"valueRequired\":true,\"valueName\":\"search_term_string\"}}],\"inLanguage\":\"es\"}]}<\/script>\n<!-- \/ Yoast SEO Premium plugin. -->","yoast_head_json":{"title":"EM FUSION GUADALAJARA - LeDerme","robots":{"index":"index","follow":"follow","max-snippet":"max-snippet:-1","max-image-preview":"max-image-preview:large","max-video-preview":"max-video-preview:-1"},"canonical":"https:\/\/lederme.com.mx\/registro\/em-fusion-guadalajara\/","og_locale":"es_ES","og_type":"article","og_title":"EM FUSION GUADALAJARA","og_url":"https:\/\/lederme.com.mx\/registro\/em-fusion-guadalajara\/","og_site_name":"LeDerme","article_modified_time":"2026-05-05T22:47:28+00:00","twitter_card":"summary_large_image","twitter_misc":{"Tiempo de lectura":"6 minutos"},"schema":{"@context":"https:\/\/schema.org","@graph":[{"@type":"WebPage","@id":"https:\/\/lederme.com.mx\/registro\/em-fusion-guadalajara\/","url":"https:\/\/lederme.com.mx\/registro\/em-fusion-guadalajara\/","name":"EM FUSION GUADALAJARA - LeDerme","isPartOf":{"@id":"https:\/\/lederme.com.mx\/registro\/#website"},"datePublished":"2026-01-30T15:23:40+00:00","dateModified":"2026-05-05T22:47:28+00:00","breadcrumb":{"@id":"https:\/\/lederme.com.mx\/registro\/em-fusion-guadalajara\/#breadcrumb"},"inLanguage":"es","potentialAction":[{"@type":"ReadAction","target":["https:\/\/lederme.com.mx\/registro\/em-fusion-guadalajara\/"]}]},{"@type":"BreadcrumbList","@id":"https:\/\/lederme.com.mx\/registro\/em-fusion-guadalajara\/#breadcrumb","itemListElement":[{"@type":"ListItem","position":1,"name":"Portada","item":"https:\/\/lederme.com.mx\/registro\/"},{"@type":"ListItem","position":2,"name":"EM FUSION GUADALAJARA"}]},{"@type":"WebSite","@id":"https:\/\/lederme.com.mx\/registro\/#website","url":"https:\/\/lederme.com.mx\/registro\/","name":"LeDerme","description":"Agenda tu cita en l\u00ednea","potentialAction":[{"@type":"SearchAction","target":{"@type":"EntryPoint","urlTemplate":"https:\/\/lederme.com.mx\/registro\/?s={search_term_string}"},"query-input":{"@type":"PropertyValueSpecification","valueRequired":true,"valueName":"search_term_string"}}],"inLanguage":"es"}]}},"_links":{"self":[{"href":"https:\/\/lederme.com.mx\/registro\/wp-json\/wp\/v2\/pages\/4856","targetHints":{"allow":["GET"]}}],"collection":[{"href":"https:\/\/lederme.com.mx\/registro\/wp-json\/wp\/v2\/pages"}],"about":[{"href":"https:\/\/lederme.com.mx\/registro\/wp-json\/wp\/v2\/types\/page"}],"author":[{"embeddable":true,"href":"https:\/\/lederme.com.mx\/registro\/wp-json\/wp\/v2\/users\/43"}],"replies":[{"embeddable":true,"href":"https:\/\/lederme.com.mx\/registro\/wp-json\/wp\/v2\/comments?post=4856"}],"version-history":[{"count":8,"href":"https:\/\/lederme.com.mx\/registro\/wp-json\/wp\/v2\/pages\/4856\/revisions"}],"predecessor-version":[{"id":5910,"href":"https:\/\/lederme.com.mx\/registro\/wp-json\/wp\/v2\/pages\/4856\/revisions\/5910"}],"wp:attachment":[{"href":"https:\/\/lederme.com.mx\/registro\/wp-json\/wp\/v2\/media?parent=4856"}],"curies":[{"name":"wp","href":"https:\/\/api.w.org\/{rel}","templated":true}]}}